{"id":27051,"date":"2026-04-18T00:33:26","date_gmt":"2026-04-17T22:33:26","guid":{"rendered":"https:\/\/donnacolombia.com\/?post_type=product&#038;p=27051"},"modified":"2026-05-06T01:09:23","modified_gmt":"2026-05-05T23:09:23","slug":"baleta-puntuda-destalonada-vizzano","status":"publish","type":"product","link":"https:\/\/donnacolombia.com\/index.php\/producto\/baleta-puntuda-destalonada-vizzano\/","title":{"rendered":"Baleta puntuda destalonada &#8211; Vizzano"},"content":{"rendered":"<div class=\"ng-tns-c605742203-17\">\n<section id=\"processing-state-0\" class=\"processing-state_container is-gpi-avatar ng-tns-c605742203-17 ng-trigger ng-trigger-processingStateShowHide ng-star-inserted is-done-processing\">\n<div id=\"processing-state-0-summary\" class=\"processing-state_details is-gpi-avatar ng-trigger ng-trigger-menuExpansion ng-tns-c605742203-17 ng-star-inserted\" aria-hidden=\"true\">\n<div class=\"tool-summary ng-tns-c605742203-17\">\n<div class=\"tool-summary-message ng-tns-c605742203-17 gds-body-l ng-star-inserted\">\n<div class=\"ng-tns-c605742203-17\"><span style=\"font-size: 14.4px;color: #555555\">Estas elegantes baletas <\/span><b style=\"font-size: 14.4px;color: #555555\" data-path-to-node=\"0\" data-index-in-node=\"24\">Vizzano<\/b><span style=\"font-size: 14.4px;color: #555555\"> destacan por su sofisticado dise\u00f1o de punta fina y estilo <\/span><i style=\"font-size: 14.4px;color: #555555\" data-path-to-node=\"0\" data-index-in-node=\"90\">slingback<\/i><span style=\"font-size: 14.4px;color: #555555\"> con una delicada tira ajustable al tal\u00f3n. Confeccionadas en un acabado sint\u00e9tico mate de color negro, ofrecen un equilibrio perfecto entre la formalidad de un zapato de vestir y la comodidad de un tac\u00f3n bajo. Son el complemento ideal para elevar cualquier atuendo de oficina o un <\/span><i style=\"font-size: 14.4px;color: #555555\" data-path-to-node=\"0\" data-index-in-node=\"380\">look<\/i><span style=\"font-size: 14.4px;color: #555555\"> casual refinado con un toque de distinci\u00f3n cl\u00e1sica.<\/span><\/div>\n<\/div>\n<\/div>\n<\/div>\n<\/section>\n<\/div>\n","protected":false},"excerpt":{"rendered":"<p>Estas elegantes baletas Vizzano destacan por su sofisticado dise\u00f1o de punta fina y estilo slingback con una delicada tira ajustable al tal\u00f3n. Confeccionadas en un acabado sint\u00e9tico mate de color negro, ofrecen un equilibrio perfecto entre la formalidad de un zapato de vestir y la comodidad de un tac\u00f3n bajo. Son el complemento ideal para [&#8230;]\n","protected":false},"featured_media":27052,"template":"","meta":[],"product_brand":[],"product_cat":[409],"product_tag":[],"class_list":{"0":"post-27051","1":"product","2":"type-product","3":"status-publish","4":"has-post-thumbnail","6":"product_cat-baleta","7":"pa_color-negro","8":"pa_talla-del-calzado-578","9":"pa_talla-del-calzado-582","10":"pa_talla-del-calzado-579","11":"pa_talla-del-calzado-583","12":"pa_talla-del-calzado-580","13":"pa_talla-del-calzado-584","15":"first","16":"instock","17":"shipping-taxable","18":"purchasable","19":"product-type-variable"},"yoast_head":"<!-- This site is optimized with the Yoast SEO Premium plugin v26.2 (Yoast SEO v27.4) - https:\/\/yoast.com\/product\/yoast-seo-premium-wordpress\/ -->\n<title>Baleta puntuda destalonada - Vizzano - Donna Colombia<\/title>\n<meta name=\"robots\" content=\"index, follow, max-snippet:-1, max-image-preview:large, max-video-preview:-1\" \/>\n<link rel=\"canonical\" href=\"https:\/\/donnacolombia.com\/index.php\/producto\/baleta-puntuda-destalonada-vizzano\/\" \/>\n<meta property=\"og:locale\" content=\"es_ES\" \/>\n<meta property=\"og:type\" content=\"article\" \/>\n<meta property=\"og:title\" content=\"Baleta puntuda destalonada - Vizzano\" \/>\n<meta property=\"og:description\" content=\"Estas elegantes baletas Vizzano destacan por su sofisticado dise\u00f1o de punta fina y estilo slingback con una delicada tira ajustable al tal\u00f3n. Confeccionadas en un acabado sint\u00e9tico mate de color negro, ofrecen un equilibrio perfecto entre la formalidad de un zapato de vestir y la comodidad de un tac\u00f3n bajo. Son el complemento ideal para [...]\" \/>\n<meta property=\"og:url\" content=\"https:\/\/donnacolombia.com\/index.php\/producto\/baleta-puntuda-destalonada-vizzano\/\" \/>\n<meta property=\"og:site_name\" content=\"Donna Colombia\" \/>\n<meta property=\"article:modified_time\" content=\"2026-05-05T23:09:23+00:00\" \/>\n<meta property=\"og:image\" content=\"https:\/\/donnacolombia.com\/wp-content\/uploads\/2026\/04\/Diseno-sin-titulo-3-scaled.jpg\" \/>\n\t<meta property=\"og:image:width\" content=\"2560\" \/>\n\t<meta property=\"og:image:height\" content=\"2560\" \/>\n\t<meta property=\"og:image:type\" content=\"image\/jpeg\" \/>\n<meta name=\"twitter:card\" content=\"summary_large_image\" \/>\n<meta name=\"twitter:label1\" content=\"Tiempo de lectura\" \/>\n\t<meta name=\"twitter:data1\" content=\"1 minuto\" \/>\n<script type=\"application\/ld+json\" class=\"yoast-schema-graph\">{\"@context\":\"https:\\\/\\\/schema.org\",\"@graph\":[{\"@type\":\"WebPage\",\"@id\":\"https:\\\/\\\/donnacolombia.com\\\/index.php\\\/producto\\\/baleta-puntuda-destalonada-vizzano\\\/\",\"url\":\"https:\\\/\\\/donnacolombia.com\\\/index.php\\\/producto\\\/baleta-puntuda-destalonada-vizzano\\\/\",\"name\":\"Baleta puntuda destalonada - Vizzano - Donna Colombia\",\"isPartOf\":{\"@id\":\"https:\\\/\\\/donnacolombia.com\\\/#website\"},\"primaryImageOfPage\":{\"@id\":\"https:\\\/\\\/donnacolombia.com\\\/index.php\\\/producto\\\/baleta-puntuda-destalonada-vizzano\\\/#primaryimage\"},\"image\":{\"@id\":\"https:\\\/\\\/donnacolombia.com\\\/index.php\\\/producto\\\/baleta-puntuda-destalonada-vizzano\\\/#primaryimage\"},\"thumbnailUrl\":\"https:\\\/\\\/donnacolombia.com\\\/wp-content\\\/uploads\\\/2026\\\/04\\\/Diseno-sin-titulo-3-scaled.jpg\",\"datePublished\":\"2026-04-17T22:33:26+00:00\",\"dateModified\":\"2026-05-05T23:09:23+00:00\",\"breadcrumb\":{\"@id\":\"https:\\\/\\\/donnacolombia.com\\\/index.php\\\/producto\\\/baleta-puntuda-destalonada-vizzano\\\/#breadcrumb\"},\"inLanguage\":\"es\",\"potentialAction\":[{\"@type\":\"ReadAction\",\"target\":[\"https:\\\/\\\/donnacolombia.com\\\/index.php\\\/producto\\\/baleta-puntuda-destalonada-vizzano\\\/\"]}]},{\"@type\":\"ImageObject\",\"inLanguage\":\"es\",\"@id\":\"https:\\\/\\\/donnacolombia.com\\\/index.php\\\/producto\\\/baleta-puntuda-destalonada-vizzano\\\/#primaryimage\",\"url\":\"https:\\\/\\\/donnacolombia.com\\\/wp-content\\\/uploads\\\/2026\\\/04\\\/Diseno-sin-titulo-3-scaled.jpg\",\"contentUrl\":\"https:\\\/\\\/donnacolombia.com\\\/wp-content\\\/uploads\\\/2026\\\/04\\\/Diseno-sin-titulo-3-scaled.jpg\",\"width\":2560,\"height\":2560},{\"@type\":\"BreadcrumbList\",\"@id\":\"https:\\\/\\\/donnacolombia.com\\\/index.php\\\/producto\\\/baleta-puntuda-destalonada-vizzano\\\/#breadcrumb\",\"itemListElement\":[{\"@type\":\"ListItem\",\"position\":1,\"name\":\"Portada\",\"item\":\"https:\\\/\\\/donnacolombia.com\\\/\"},{\"@type\":\"ListItem\",\"position\":2,\"name\":\"Tienda\",\"item\":\"https:\\\/\\\/donnacolombia.com\\\/index.php\\\/tienda\\\/\"},{\"@type\":\"ListItem\",\"position\":3,\"name\":\"Baleta puntuda destalonada &#8211; Vizzano\"}]},{\"@type\":\"WebSite\",\"@id\":\"https:\\\/\\\/donnacolombia.com\\\/#website\",\"url\":\"https:\\\/\\\/donnacolombia.com\\\/\",\"name\":\"Donna Colombia\",\"description\":\"Calzado para dama\",\"publisher\":{\"@id\":\"https:\\\/\\\/donnacolombia.com\\\/#organization\"},\"potentialAction\":[{\"@type\":\"SearchAction\",\"target\":{\"@type\":\"EntryPoint\",\"urlTemplate\":\"https:\\\/\\\/donnacolombia.com\\\/?s={search_term_string}\"},\"query-input\":{\"@type\":\"PropertyValueSpecification\",\"valueRequired\":true,\"valueName\":\"search_term_string\"}}],\"inLanguage\":\"es\"},{\"@type\":\"Organization\",\"@id\":\"https:\\\/\\\/donnacolombia.com\\\/#organization\",\"name\":\"Donna Colombia\",\"url\":\"https:\\\/\\\/donnacolombia.com\\\/\",\"logo\":{\"@type\":\"ImageObject\",\"inLanguage\":\"es\",\"@id\":\"https:\\\/\\\/donnacolombia.com\\\/#\\\/schema\\\/logo\\\/image\\\/\",\"url\":\"https:\\\/\\\/donnacolombia.com\\\/wp-content\\\/uploads\\\/2025\\\/12\\\/cropped-LOGO-512.webp\",\"contentUrl\":\"https:\\\/\\\/donnacolombia.com\\\/wp-content\\\/uploads\\\/2025\\\/12\\\/cropped-LOGO-512.webp\",\"width\":512,\"height\":512,\"caption\":\"Donna Colombia\"},\"image\":{\"@id\":\"https:\\\/\\\/donnacolombia.com\\\/#\\\/schema\\\/logo\\\/image\\\/\"}}]}<\/script>\n<!-- \/ Yoast SEO Premium plugin. -->","yoast_head_json":{"title":"Baleta puntuda destalonada - Vizzano - Donna Colombia","robots":{"index":"index","follow":"follow","max-snippet":"max-snippet:-1","max-image-preview":"max-image-preview:large","max-video-preview":"max-video-preview:-1"},"canonical":"https:\/\/donnacolombia.com\/index.php\/producto\/baleta-puntuda-destalonada-vizzano\/","og_locale":"es_ES","og_type":"article","og_title":"Baleta puntuda destalonada - Vizzano","og_description":"Estas elegantes baletas Vizzano destacan por su sofisticado dise\u00f1o de punta fina y estilo slingback con una delicada tira ajustable al tal\u00f3n. Confeccionadas en un acabado sint\u00e9tico mate de color negro, ofrecen un equilibrio perfecto entre la formalidad de un zapato de vestir y la comodidad de un tac\u00f3n bajo. Son el complemento ideal para [...]","og_url":"https:\/\/donnacolombia.com\/index.php\/producto\/baleta-puntuda-destalonada-vizzano\/","og_site_name":"Donna Colombia","article_modified_time":"2026-05-05T23:09:23+00:00","og_image":[{"width":2560,"height":2560,"url":"https:\/\/donnacolombia.com\/wp-content\/uploads\/2026\/04\/Diseno-sin-titulo-3-scaled.jpg","type":"image\/jpeg"}],"twitter_card":"summary_large_image","twitter_misc":{"Tiempo de lectura":"1 minuto"},"schema":{"@context":"https:\/\/schema.org","@graph":[{"@type":"WebPage","@id":"https:\/\/donnacolombia.com\/index.php\/producto\/baleta-puntuda-destalonada-vizzano\/","url":"https:\/\/donnacolombia.com\/index.php\/producto\/baleta-puntuda-destalonada-vizzano\/","name":"Baleta puntuda destalonada - Vizzano - Donna Colombia","isPartOf":{"@id":"https:\/\/donnacolombia.com\/#website"},"primaryImageOfPage":{"@id":"https:\/\/donnacolombia.com\/index.php\/producto\/baleta-puntuda-destalonada-vizzano\/#primaryimage"},"image":{"@id":"https:\/\/donnacolombia.com\/index.php\/producto\/baleta-puntuda-destalonada-vizzano\/#primaryimage"},"thumbnailUrl":"https:\/\/donnacolombia.com\/wp-content\/uploads\/2026\/04\/Diseno-sin-titulo-3-scaled.jpg","datePublished":"2026-04-17T22:33:26+00:00","dateModified":"2026-05-05T23:09:23+00:00","breadcrumb":{"@id":"https:\/\/donnacolombia.com\/index.php\/producto\/baleta-puntuda-destalonada-vizzano\/#breadcrumb"},"inLanguage":"es","potentialAction":[{"@type":"ReadAction","target":["https:\/\/donnacolombia.com\/index.php\/producto\/baleta-puntuda-destalonada-vizzano\/"]}]},{"@type":"ImageObject","inLanguage":"es","@id":"https:\/\/donnacolombia.com\/index.php\/producto\/baleta-puntuda-destalonada-vizzano\/#primaryimage","url":"https:\/\/donnacolombia.com\/wp-content\/uploads\/2026\/04\/Diseno-sin-titulo-3-scaled.jpg","contentUrl":"https:\/\/donnacolombia.com\/wp-content\/uploads\/2026\/04\/Diseno-sin-titulo-3-scaled.jpg","width":2560,"height":2560},{"@type":"BreadcrumbList","@id":"https:\/\/donnacolombia.com\/index.php\/producto\/baleta-puntuda-destalonada-vizzano\/#breadcrumb","itemListElement":[{"@type":"ListItem","position":1,"name":"Portada","item":"https:\/\/donnacolombia.com\/"},{"@type":"ListItem","position":2,"name":"Tienda","item":"https:\/\/donnacolombia.com\/index.php\/tienda\/"},{"@type":"ListItem","position":3,"name":"Baleta puntuda destalonada &#8211; Vizzano"}]},{"@type":"WebSite","@id":"https:\/\/donnacolombia.com\/#website","url":"https:\/\/donnacolombia.com\/","name":"Donna Colombia","description":"Calzado para dama","publisher":{"@id":"https:\/\/donnacolombia.com\/#organization"},"potentialAction":[{"@type":"SearchAction","target":{"@type":"EntryPoint","urlTemplate":"https:\/\/donnacolombia.com\/?s={search_term_string}"},"query-input":{"@type":"PropertyValueSpecification","valueRequired":true,"valueName":"search_term_string"}}],"inLanguage":"es"},{"@type":"Organization","@id":"https:\/\/donnacolombia.com\/#organization","name":"Donna Colombia","url":"https:\/\/donnacolombia.com\/","logo":{"@type":"ImageObject","inLanguage":"es","@id":"https:\/\/donnacolombia.com\/#\/schema\/logo\/image\/","url":"https:\/\/donnacolombia.com\/wp-content\/uploads\/2025\/12\/cropped-LOGO-512.webp","contentUrl":"https:\/\/donnacolombia.com\/wp-content\/uploads\/2025\/12\/cropped-LOGO-512.webp","width":512,"height":512,"caption":"Donna Colombia"},"image":{"@id":"https:\/\/donnacolombia.com\/#\/schema\/logo\/image\/"}}]}},"_links":{"self":[{"href":"https:\/\/donnacolombia.com\/index.php\/wp-json\/wp\/v2\/product\/27051","targetHints":{"allow":["GET"]}}],"collection":[{"href":"https:\/\/donnacolombia.com\/index.php\/wp-json\/wp\/v2\/product"}],"about":[{"href":"https:\/\/donnacolombia.com\/index.php\/wp-json\/wp\/v2\/types\/product"}],"wp:featuredmedia":[{"embeddable":true,"href":"https:\/\/donnacolombia.com\/index.php\/wp-json\/wp\/v2\/media\/27052"}],"wp:attachment":[{"href":"https:\/\/donnacolombia.com\/index.php\/wp-json\/wp\/v2\/media?parent=27051"}],"wp:term":[{"taxonomy":"product_brand","embeddable":true,"href":"https:\/\/donnacolombia.com\/index.php\/wp-json\/wp\/v2\/product_brand?post=27051"},{"taxonomy":"product_cat","embeddable":true,"href":"https:\/\/donnacolombia.com\/index.php\/wp-json\/wp\/v2\/product_cat?post=27051"},{"taxonomy":"product_tag","embeddable":true,"href":"https:\/\/donnacolombia.com\/index.php\/wp-json\/wp\/v2\/product_tag?post=27051"}],"curies":[{"name":"wp","href":"https:\/\/api.w.org\/{rel}","templated":true}]}}