{"id":26551,"date":"2026-03-10T04:33:58","date_gmt":"2026-03-10T03:33:58","guid":{"rendered":"https:\/\/donnacolombia.com\/?post_type=product&#038;p=26551"},"modified":"2026-04-29T23:53:29","modified_gmt":"2026-04-29T21:53:29","slug":"sandalia-tres-puntada-mujer-beira-rio","status":"publish","type":"product","link":"https:\/\/donnacolombia.com\/index.php\/producto\/sandalia-tres-puntada-mujer-beira-rio\/","title":{"rendered":"Sandalias Planas Beira Rio- Tres puntadas- Tiras Dobles de Brillos"},"content":{"rendered":"<div class=\"ng-tns-c584069914-48\">\n<section id=\"processing-state-4\" class=\"processing-state_container is-gpi-avatar ng-tns-c584069914-48 ng-trigger ng-trigger-processingStateShowHide ng-star-inserted is-done-processing\">\n<div id=\"processing-state-4-summary\" class=\"processing-state_details is-gpi-avatar ng-trigger ng-trigger-menuExpansion ng-tns-c584069914-48 ng-star-inserted\" aria-hidden=\"true\">\n<p><span style=\"font-size: 14.4px\">Esta sandalia Beira Rio tipo <\/span><i style=\"font-size: 14.4px\" data-path-to-node=\"0\" data-index-in-node=\"29\">flip-flop<\/i><span style=\"font-size: 14.4px\"> redefine el concepto de informalidad gracias a sus tiras tubulares adornadas con <\/span><b style=\"font-size: 14.4px\" data-path-to-node=\"0\" data-index-in-node=\"120\">delicados brillantes<\/b><span style=\"font-size: 14.4px\">, que aportan un destello sofisticado a cada paso. Su suela de textura estriada ofrece un agarre seguro, mientras que su construcci\u00f3n ligera la convierte en la compa\u00f1era perfecta para d\u00edas de sol y relax. Es la pieza clave para quienes buscan la <\/span><b style=\"font-size: 14.4px\" data-path-to-node=\"0\" data-index-in-node=\"386\">practicidad de una sandalia plana<\/b><span style=\"font-size: 14.4px\"> sin renunciar a ese toque de brillo femenino que transforma un look b\u00e1sico en uno especial.<\/span><\/p>\n<\/div>\n<\/section>\n<\/div>\n","protected":false},"excerpt":{"rendered":"<p>Esta sandalia Beira Rio tipo flip-flop redefine el concepto de informalidad gracias a sus tiras tubulares adornadas con delicados brillantes, que aportan un destello sofisticado a cada paso. Su suela de textura estriada ofrece un agarre seguro, mientras que su construcci\u00f3n ligera la convierte en la compa\u00f1era perfecta para d\u00edas de sol y relax. Es [&#8230;]\n","protected":false},"featured_media":26438,"template":"","meta":[],"product_brand":[],"product_cat":[405],"product_tag":[],"class_list":{"0":"post-26551","1":"product","2":"type-product","3":"status-publish","4":"has-post-thumbnail","6":"product_cat-sandalia","7":"pa_color-blanco-off-cristal","8":"pa_color-golden-shadow-camel","9":"pa_talla-del-calzado-578","10":"pa_talla-del-calzado-582","11":"pa_talla-del-calzado-579","12":"pa_talla-del-calzado-583","13":"pa_talla-del-calzado-580","14":"pa_talla-del-calzado-584","15":"pa_talla-del-calzado-581","17":"first","18":"instock","19":"shipping-taxable","20":"purchasable","21":"product-type-variable"},"yoast_head":"<!-- This site is optimized with the Yoast SEO Premium plugin v26.2 (Yoast SEO v27.4) - https:\/\/yoast.com\/product\/yoast-seo-premium-wordpress\/ -->\n<title>Sandalias Planas Beira Rio- Tres puntadas- Tiras Dobles de Brillos - Donna Colombia<\/title>\n<meta name=\"description\" content=\"Sandalias Beira Rio de dedo con tiras de brillantes. Estilo ligero, c\u00f3modo y radiante, ideal para combinar con tus outfits veraniegos favoritos.\" \/>\n<meta name=\"robots\" content=\"index, follow, max-snippet:-1, max-image-preview:large, max-video-preview:-1\" \/>\n<link rel=\"canonical\" href=\"https:\/\/donnacolombia.com\/index.php\/producto\/sandalia-tres-puntada-mujer-beira-rio\/\" \/>\n<meta property=\"og:locale\" content=\"es_ES\" \/>\n<meta property=\"og:type\" content=\"article\" \/>\n<meta property=\"og:title\" content=\"Sandalias Planas Beira Rio- Tres puntadas- Tiras Dobles de Brillos\" \/>\n<meta property=\"og:description\" content=\"Sandalias Beira Rio de dedo con tiras de brillantes. Estilo ligero, c\u00f3modo y radiante, ideal para combinar con tus outfits veraniegos favoritos.\" \/>\n<meta property=\"og:url\" content=\"https:\/\/donnacolombia.com\/index.php\/producto\/sandalia-tres-puntada-mujer-beira-rio\/\" \/>\n<meta property=\"og:site_name\" content=\"Donna Colombia\" \/>\n<meta property=\"article:modified_time\" content=\"2026-04-29T21:53:29+00:00\" \/>\n<meta property=\"og:image\" content=\"https:\/\/donnacolombia.com\/wp-content\/uploads\/2026\/03\/Diseno-sin-titulo-56-1.jpg\" \/>\n\t<meta property=\"og:image:width\" content=\"2000\" \/>\n\t<meta property=\"og:image:height\" content=\"2000\" \/>\n\t<meta property=\"og:image:type\" content=\"image\/jpeg\" \/>\n<meta name=\"twitter:card\" content=\"summary_large_image\" \/>\n<meta name=\"twitter:label1\" content=\"Tiempo de lectura\" \/>\n\t<meta name=\"twitter:data1\" content=\"1 minuto\" \/>\n<script type=\"application\/ld+json\" class=\"yoast-schema-graph\">{\"@context\":\"https:\\\/\\\/schema.org\",\"@graph\":[{\"@type\":\"WebPage\",\"@id\":\"https:\\\/\\\/donnacolombia.com\\\/index.php\\\/producto\\\/sandalia-tres-puntada-mujer-beira-rio\\\/\",\"url\":\"https:\\\/\\\/donnacolombia.com\\\/index.php\\\/producto\\\/sandalia-tres-puntada-mujer-beira-rio\\\/\",\"name\":\"Sandalias Planas Beira Rio- Tres puntadas- Tiras Dobles de Brillos - Donna Colombia\",\"isPartOf\":{\"@id\":\"https:\\\/\\\/donnacolombia.com\\\/#website\"},\"primaryImageOfPage\":{\"@id\":\"https:\\\/\\\/donnacolombia.com\\\/index.php\\\/producto\\\/sandalia-tres-puntada-mujer-beira-rio\\\/#primaryimage\"},\"image\":{\"@id\":\"https:\\\/\\\/donnacolombia.com\\\/index.php\\\/producto\\\/sandalia-tres-puntada-mujer-beira-rio\\\/#primaryimage\"},\"thumbnailUrl\":\"https:\\\/\\\/donnacolombia.com\\\/wp-content\\\/uploads\\\/2026\\\/03\\\/Diseno-sin-titulo-56-1.jpg\",\"datePublished\":\"2026-03-10T03:33:58+00:00\",\"dateModified\":\"2026-04-29T21:53:29+00:00\",\"description\":\"Sandalias Beira Rio de dedo con tiras de brillantes. Estilo ligero, c\u00f3modo y radiante, ideal para combinar con tus outfits veraniegos favoritos.\",\"breadcrumb\":{\"@id\":\"https:\\\/\\\/donnacolombia.com\\\/index.php\\\/producto\\\/sandalia-tres-puntada-mujer-beira-rio\\\/#breadcrumb\"},\"inLanguage\":\"es\",\"potentialAction\":[{\"@type\":\"ReadAction\",\"target\":[\"https:\\\/\\\/donnacolombia.com\\\/index.php\\\/producto\\\/sandalia-tres-puntada-mujer-beira-rio\\\/\"]}]},{\"@type\":\"ImageObject\",\"inLanguage\":\"es\",\"@id\":\"https:\\\/\\\/donnacolombia.com\\\/index.php\\\/producto\\\/sandalia-tres-puntada-mujer-beira-rio\\\/#primaryimage\",\"url\":\"https:\\\/\\\/donnacolombia.com\\\/wp-content\\\/uploads\\\/2026\\\/03\\\/Diseno-sin-titulo-56-1.jpg\",\"contentUrl\":\"https:\\\/\\\/donnacolombia.com\\\/wp-content\\\/uploads\\\/2026\\\/03\\\/Diseno-sin-titulo-56-1.jpg\",\"width\":2000,\"height\":2000},{\"@type\":\"BreadcrumbList\",\"@id\":\"https:\\\/\\\/donnacolombia.com\\\/index.php\\\/producto\\\/sandalia-tres-puntada-mujer-beira-rio\\\/#breadcrumb\",\"itemListElement\":[{\"@type\":\"ListItem\",\"position\":1,\"name\":\"Portada\",\"item\":\"https:\\\/\\\/donnacolombia.com\\\/\"},{\"@type\":\"ListItem\",\"position\":2,\"name\":\"Tienda\",\"item\":\"https:\\\/\\\/donnacolombia.com\\\/index.php\\\/tienda\\\/\"},{\"@type\":\"ListItem\",\"position\":3,\"name\":\"Sandalias Planas Beira Rio- Tres puntadas- Tiras Dobles de Brillos\"}]},{\"@type\":\"WebSite\",\"@id\":\"https:\\\/\\\/donnacolombia.com\\\/#website\",\"url\":\"https:\\\/\\\/donnacolombia.com\\\/\",\"name\":\"Donna Colombia\",\"description\":\"Calzado para dama\",\"publisher\":{\"@id\":\"https:\\\/\\\/donnacolombia.com\\\/#organization\"},\"potentialAction\":[{\"@type\":\"SearchAction\",\"target\":{\"@type\":\"EntryPoint\",\"urlTemplate\":\"https:\\\/\\\/donnacolombia.com\\\/?s={search_term_string}\"},\"query-input\":{\"@type\":\"PropertyValueSpecification\",\"valueRequired\":true,\"valueName\":\"search_term_string\"}}],\"inLanguage\":\"es\"},{\"@type\":\"Organization\",\"@id\":\"https:\\\/\\\/donnacolombia.com\\\/#organization\",\"name\":\"Donna Colombia\",\"url\":\"https:\\\/\\\/donnacolombia.com\\\/\",\"logo\":{\"@type\":\"ImageObject\",\"inLanguage\":\"es\",\"@id\":\"https:\\\/\\\/donnacolombia.com\\\/#\\\/schema\\\/logo\\\/image\\\/\",\"url\":\"https:\\\/\\\/donnacolombia.com\\\/wp-content\\\/uploads\\\/2025\\\/12\\\/cropped-LOGO-512.webp\",\"contentUrl\":\"https:\\\/\\\/donnacolombia.com\\\/wp-content\\\/uploads\\\/2025\\\/12\\\/cropped-LOGO-512.webp\",\"width\":512,\"height\":512,\"caption\":\"Donna Colombia\"},\"image\":{\"@id\":\"https:\\\/\\\/donnacolombia.com\\\/#\\\/schema\\\/logo\\\/image\\\/\"}}]}<\/script>\n<!-- \/ Yoast SEO Premium plugin. -->","yoast_head_json":{"title":"Sandalias Planas Beira Rio- Tres puntadas- Tiras Dobles de Brillos - Donna Colombia","description":"Sandalias Beira Rio de dedo con tiras de brillantes. Estilo ligero, c\u00f3modo y radiante, ideal para combinar con tus outfits veraniegos favoritos.","robots":{"index":"index","follow":"follow","max-snippet":"max-snippet:-1","max-image-preview":"max-image-preview:large","max-video-preview":"max-video-preview:-1"},"canonical":"https:\/\/donnacolombia.com\/index.php\/producto\/sandalia-tres-puntada-mujer-beira-rio\/","og_locale":"es_ES","og_type":"article","og_title":"Sandalias Planas Beira Rio- Tres puntadas- Tiras Dobles de Brillos","og_description":"Sandalias Beira Rio de dedo con tiras de brillantes. Estilo ligero, c\u00f3modo y radiante, ideal para combinar con tus outfits veraniegos favoritos.","og_url":"https:\/\/donnacolombia.com\/index.php\/producto\/sandalia-tres-puntada-mujer-beira-rio\/","og_site_name":"Donna Colombia","article_modified_time":"2026-04-29T21:53:29+00:00","og_image":[{"width":2000,"height":2000,"url":"https:\/\/donnacolombia.com\/wp-content\/uploads\/2026\/03\/Diseno-sin-titulo-56-1.jpg","type":"image\/jpeg"}],"twitter_card":"summary_large_image","twitter_misc":{"Tiempo de lectura":"1 minuto"},"schema":{"@context":"https:\/\/schema.org","@graph":[{"@type":"WebPage","@id":"https:\/\/donnacolombia.com\/index.php\/producto\/sandalia-tres-puntada-mujer-beira-rio\/","url":"https:\/\/donnacolombia.com\/index.php\/producto\/sandalia-tres-puntada-mujer-beira-rio\/","name":"Sandalias Planas Beira Rio- Tres puntadas- Tiras Dobles de Brillos - Donna Colombia","isPartOf":{"@id":"https:\/\/donnacolombia.com\/#website"},"primaryImageOfPage":{"@id":"https:\/\/donnacolombia.com\/index.php\/producto\/sandalia-tres-puntada-mujer-beira-rio\/#primaryimage"},"image":{"@id":"https:\/\/donnacolombia.com\/index.php\/producto\/sandalia-tres-puntada-mujer-beira-rio\/#primaryimage"},"thumbnailUrl":"https:\/\/donnacolombia.com\/wp-content\/uploads\/2026\/03\/Diseno-sin-titulo-56-1.jpg","datePublished":"2026-03-10T03:33:58+00:00","dateModified":"2026-04-29T21:53:29+00:00","description":"Sandalias Beira Rio de dedo con tiras de brillantes. Estilo ligero, c\u00f3modo y radiante, ideal para combinar con tus outfits veraniegos favoritos.","breadcrumb":{"@id":"https:\/\/donnacolombia.com\/index.php\/producto\/sandalia-tres-puntada-mujer-beira-rio\/#breadcrumb"},"inLanguage":"es","potentialAction":[{"@type":"ReadAction","target":["https:\/\/donnacolombia.com\/index.php\/producto\/sandalia-tres-puntada-mujer-beira-rio\/"]}]},{"@type":"ImageObject","inLanguage":"es","@id":"https:\/\/donnacolombia.com\/index.php\/producto\/sandalia-tres-puntada-mujer-beira-rio\/#primaryimage","url":"https:\/\/donnacolombia.com\/wp-content\/uploads\/2026\/03\/Diseno-sin-titulo-56-1.jpg","contentUrl":"https:\/\/donnacolombia.com\/wp-content\/uploads\/2026\/03\/Diseno-sin-titulo-56-1.jpg","width":2000,"height":2000},{"@type":"BreadcrumbList","@id":"https:\/\/donnacolombia.com\/index.php\/producto\/sandalia-tres-puntada-mujer-beira-rio\/#breadcrumb","itemListElement":[{"@type":"ListItem","position":1,"name":"Portada","item":"https:\/\/donnacolombia.com\/"},{"@type":"ListItem","position":2,"name":"Tienda","item":"https:\/\/donnacolombia.com\/index.php\/tienda\/"},{"@type":"ListItem","position":3,"name":"Sandalias Planas Beira Rio- Tres puntadas- Tiras Dobles de Brillos"}]},{"@type":"WebSite","@id":"https:\/\/donnacolombia.com\/#website","url":"https:\/\/donnacolombia.com\/","name":"Donna Colombia","description":"Calzado para dama","publisher":{"@id":"https:\/\/donnacolombia.com\/#organization"},"potentialAction":[{"@type":"SearchAction","target":{"@type":"EntryPoint","urlTemplate":"https:\/\/donnacolombia.com\/?s={search_term_string}"},"query-input":{"@type":"PropertyValueSpecification","valueRequired":true,"valueName":"search_term_string"}}],"inLanguage":"es"},{"@type":"Organization","@id":"https:\/\/donnacolombia.com\/#organization","name":"Donna Colombia","url":"https:\/\/donnacolombia.com\/","logo":{"@type":"ImageObject","inLanguage":"es","@id":"https:\/\/donnacolombia.com\/#\/schema\/logo\/image\/","url":"https:\/\/donnacolombia.com\/wp-content\/uploads\/2025\/12\/cropped-LOGO-512.webp","contentUrl":"https:\/\/donnacolombia.com\/wp-content\/uploads\/2025\/12\/cropped-LOGO-512.webp","width":512,"height":512,"caption":"Donna Colombia"},"image":{"@id":"https:\/\/donnacolombia.com\/#\/schema\/logo\/image\/"}}]}},"_links":{"self":[{"href":"https:\/\/donnacolombia.com\/index.php\/wp-json\/wp\/v2\/product\/26551","targetHints":{"allow":["GET"]}}],"collection":[{"href":"https:\/\/donnacolombia.com\/index.php\/wp-json\/wp\/v2\/product"}],"about":[{"href":"https:\/\/donnacolombia.com\/index.php\/wp-json\/wp\/v2\/types\/product"}],"wp:featuredmedia":[{"embeddable":true,"href":"https:\/\/donnacolombia.com\/index.php\/wp-json\/wp\/v2\/media\/26438"}],"wp:attachment":[{"href":"https:\/\/donnacolombia.com\/index.php\/wp-json\/wp\/v2\/media?parent=26551"}],"wp:term":[{"taxonomy":"product_brand","embeddable":true,"href":"https:\/\/donnacolombia.com\/index.php\/wp-json\/wp\/v2\/product_brand?post=26551"},{"taxonomy":"product_cat","embeddable":true,"href":"https:\/\/donnacolombia.com\/index.php\/wp-json\/wp\/v2\/product_cat?post=26551"},{"taxonomy":"product_tag","embeddable":true,"href":"https:\/\/donnacolombia.com\/index.php\/wp-json\/wp\/v2\/product_tag?post=26551"}],"curies":[{"name":"wp","href":"https:\/\/api.w.org\/{rel}","templated":true}]}}