{"id":23400,"date":"2025-12-05T19:44:45","date_gmt":"2025-12-05T18:44:45","guid":{"rendered":"https:\/\/donnacolombia.com\/?post_type=product&#038;p=23400"},"modified":"2026-05-07T02:12:18","modified_gmt":"2026-05-07T00:12:18","slug":"stiletto-tacon-7-cm-destalonado-acrilico","status":"publish","type":"product","link":"https:\/\/donnacolombia.com\/index.php\/producto\/stiletto-tacon-7-cm-destalonado-acrilico\/","title":{"rendered":"Stiletto mujer tac\u00f3n 7 cm destalonado acr\u00edlico &#8211; Vizzano"},"content":{"rendered":"<p>Estos stilettos de tac\u00f3n de 7 cm fusionan modernidad y sofisticaci\u00f3n con su dise\u00f1o en acr\u00edlico mocca, negro y marino brillante, fabricado en sint\u00e9tico brasilero. Presentan un elegante juego de tiras en el empeine con hebillas doradas, brindando un toque edgy y mayor sujeci\u00f3n. Su construcci\u00f3n transparente en la parte central ofrece un efecto visual vanguardista, ideal para looks de noche.<\/p>\n","protected":false},"excerpt":{"rendered":"<p>Estos stilettos de tac\u00f3n de 7 cm fusionan modernidad y sofisticaci\u00f3n con su dise\u00f1o en acr\u00edlico mocca, negro y marino brillante, fabricado en sint\u00e9tico brasilero. Presentan un elegante juego de tiras en el empeine con hebillas doradas, brindando un toque edgy y mayor sujeci\u00f3n. Su construcci\u00f3n transparente en la parte central ofrece un efecto visual [&#8230;]\n","protected":false},"featured_media":23439,"template":"","meta":[],"product_brand":[],"product_cat":[408],"product_tag":[],"class_list":{"0":"post-23400","1":"product","2":"type-product","3":"status-publish","4":"has-post-thumbnail","6":"product_cat-tacon","7":"pa_color-cristal-navy","8":"pa_color-mocca","9":"pa_color-negro","10":"pa_talla-98","11":"pa_talla-103","12":"pa_talla-101","13":"pa_talla-92","14":"pa_talla-93","15":"pa_talla-94","17":"first","18":"instock","19":"shipping-taxable","20":"purchasable","21":"product-type-variable"},"yoast_head":"<!-- This site is optimized with the Yoast SEO Premium plugin v26.2 (Yoast SEO v27.4) - https:\/\/yoast.com\/product\/yoast-seo-premium-wordpress\/ -->\n<title>Stiletto mujer tac\u00f3n 7 cm destalonado acr\u00edlico - Vizzano - Donna Colombia<\/title>\n<meta name=\"robots\" content=\"index, follow, max-snippet:-1, max-image-preview:large, max-video-preview:-1\" \/>\n<link rel=\"canonical\" href=\"https:\/\/donnacolombia.com\/index.php\/producto\/stiletto-tacon-7-cm-destalonado-acrilico\/\" \/>\n<meta property=\"og:locale\" content=\"es_ES\" \/>\n<meta property=\"og:type\" content=\"article\" \/>\n<meta property=\"og:title\" content=\"Stiletto mujer tac\u00f3n 7 cm destalonado acr\u00edlico - Vizzano\" \/>\n<meta property=\"og:description\" content=\"Estos stilettos de tac\u00f3n de 7 cm fusionan modernidad y sofisticaci\u00f3n con su dise\u00f1o en acr\u00edlico mocca, negro y marino brillante, fabricado en sint\u00e9tico brasilero. Presentan un elegante juego de tiras en el empeine con hebillas doradas, brindando un toque edgy y mayor sujeci\u00f3n. Su construcci\u00f3n transparente en la parte central ofrece un efecto visual [...]\" \/>\n<meta property=\"og:url\" content=\"https:\/\/donnacolombia.com\/index.php\/producto\/stiletto-tacon-7-cm-destalonado-acrilico\/\" \/>\n<meta property=\"og:site_name\" content=\"Donna Colombia\" \/>\n<meta property=\"article:modified_time\" content=\"2026-05-07T00:12:18+00:00\" \/>\n<meta property=\"og:image\" content=\"https:\/\/donnacolombia.com\/wp-content\/uploads\/2025\/12\/CRISTAL20NAVY201184-1722-30792-1062943-1.webp\" \/>\n\t<meta property=\"og:image:width\" content=\"1024\" \/>\n\t<meta property=\"og:image:height\" content=\"1024\" \/>\n\t<meta property=\"og:image:type\" content=\"image\/webp\" \/>\n<meta name=\"twitter:card\" content=\"summary_large_image\" \/>\n<meta name=\"twitter:label1\" content=\"Tiempo de lectura\" \/>\n\t<meta name=\"twitter:data1\" content=\"1 minuto\" \/>\n<script type=\"application\/ld+json\" class=\"yoast-schema-graph\">{\"@context\":\"https:\\\/\\\/schema.org\",\"@graph\":[{\"@type\":\"WebPage\",\"@id\":\"https:\\\/\\\/donnacolombia.com\\\/index.php\\\/producto\\\/stiletto-tacon-7-cm-destalonado-acrilico\\\/\",\"url\":\"https:\\\/\\\/donnacolombia.com\\\/index.php\\\/producto\\\/stiletto-tacon-7-cm-destalonado-acrilico\\\/\",\"name\":\"Stiletto mujer tac\u00f3n 7 cm destalonado acr\u00edlico - Vizzano - Donna Colombia\",\"isPartOf\":{\"@id\":\"https:\\\/\\\/donnacolombia.com\\\/#website\"},\"primaryImageOfPage\":{\"@id\":\"https:\\\/\\\/donnacolombia.com\\\/index.php\\\/producto\\\/stiletto-tacon-7-cm-destalonado-acrilico\\\/#primaryimage\"},\"image\":{\"@id\":\"https:\\\/\\\/donnacolombia.com\\\/index.php\\\/producto\\\/stiletto-tacon-7-cm-destalonado-acrilico\\\/#primaryimage\"},\"thumbnailUrl\":\"https:\\\/\\\/donnacolombia.com\\\/wp-content\\\/uploads\\\/2025\\\/12\\\/CRISTAL20NAVY201184-1722-30792-1062943-1.webp\",\"datePublished\":\"2025-12-05T18:44:45+00:00\",\"dateModified\":\"2026-05-07T00:12:18+00:00\",\"breadcrumb\":{\"@id\":\"https:\\\/\\\/donnacolombia.com\\\/index.php\\\/producto\\\/stiletto-tacon-7-cm-destalonado-acrilico\\\/#breadcrumb\"},\"inLanguage\":\"es\",\"potentialAction\":[{\"@type\":\"ReadAction\",\"target\":[\"https:\\\/\\\/donnacolombia.com\\\/index.php\\\/producto\\\/stiletto-tacon-7-cm-destalonado-acrilico\\\/\"]}]},{\"@type\":\"ImageObject\",\"inLanguage\":\"es\",\"@id\":\"https:\\\/\\\/donnacolombia.com\\\/index.php\\\/producto\\\/stiletto-tacon-7-cm-destalonado-acrilico\\\/#primaryimage\",\"url\":\"https:\\\/\\\/donnacolombia.com\\\/wp-content\\\/uploads\\\/2025\\\/12\\\/CRISTAL20NAVY201184-1722-30792-1062943-1.webp\",\"contentUrl\":\"https:\\\/\\\/donnacolombia.com\\\/wp-content\\\/uploads\\\/2025\\\/12\\\/CRISTAL20NAVY201184-1722-30792-1062943-1.webp\",\"width\":1024,\"height\":1024},{\"@type\":\"BreadcrumbList\",\"@id\":\"https:\\\/\\\/donnacolombia.com\\\/index.php\\\/producto\\\/stiletto-tacon-7-cm-destalonado-acrilico\\\/#breadcrumb\",\"itemListElement\":[{\"@type\":\"ListItem\",\"position\":1,\"name\":\"Portada\",\"item\":\"https:\\\/\\\/donnacolombia.com\\\/\"},{\"@type\":\"ListItem\",\"position\":2,\"name\":\"Tienda\",\"item\":\"https:\\\/\\\/donnacolombia.com\\\/index.php\\\/tienda\\\/\"},{\"@type\":\"ListItem\",\"position\":3,\"name\":\"Stiletto mujer tac\u00f3n 7 cm destalonado acr\u00edlico &#8211; Vizzano\"}]},{\"@type\":\"WebSite\",\"@id\":\"https:\\\/\\\/donnacolombia.com\\\/#website\",\"url\":\"https:\\\/\\\/donnacolombia.com\\\/\",\"name\":\"Donna Colombia\",\"description\":\"Calzado para dama\",\"publisher\":{\"@id\":\"https:\\\/\\\/donnacolombia.com\\\/#organization\"},\"potentialAction\":[{\"@type\":\"SearchAction\",\"target\":{\"@type\":\"EntryPoint\",\"urlTemplate\":\"https:\\\/\\\/donnacolombia.com\\\/?s={search_term_string}\"},\"query-input\":{\"@type\":\"PropertyValueSpecification\",\"valueRequired\":true,\"valueName\":\"search_term_string\"}}],\"inLanguage\":\"es\"},{\"@type\":\"Organization\",\"@id\":\"https:\\\/\\\/donnacolombia.com\\\/#organization\",\"name\":\"Donna Colombia\",\"url\":\"https:\\\/\\\/donnacolombia.com\\\/\",\"logo\":{\"@type\":\"ImageObject\",\"inLanguage\":\"es\",\"@id\":\"https:\\\/\\\/donnacolombia.com\\\/#\\\/schema\\\/logo\\\/image\\\/\",\"url\":\"https:\\\/\\\/donnacolombia.com\\\/wp-content\\\/uploads\\\/2025\\\/12\\\/cropped-LOGO-512.webp\",\"contentUrl\":\"https:\\\/\\\/donnacolombia.com\\\/wp-content\\\/uploads\\\/2025\\\/12\\\/cropped-LOGO-512.webp\",\"width\":512,\"height\":512,\"caption\":\"Donna Colombia\"},\"image\":{\"@id\":\"https:\\\/\\\/donnacolombia.com\\\/#\\\/schema\\\/logo\\\/image\\\/\"}}]}<\/script>\n<!-- \/ Yoast SEO Premium plugin. -->","yoast_head_json":{"title":"Stiletto mujer tac\u00f3n 7 cm destalonado acr\u00edlico - Vizzano - Donna Colombia","robots":{"index":"index","follow":"follow","max-snippet":"max-snippet:-1","max-image-preview":"max-image-preview:large","max-video-preview":"max-video-preview:-1"},"canonical":"https:\/\/donnacolombia.com\/index.php\/producto\/stiletto-tacon-7-cm-destalonado-acrilico\/","og_locale":"es_ES","og_type":"article","og_title":"Stiletto mujer tac\u00f3n 7 cm destalonado acr\u00edlico - Vizzano","og_description":"Estos stilettos de tac\u00f3n de 7 cm fusionan modernidad y sofisticaci\u00f3n con su dise\u00f1o en acr\u00edlico mocca, negro y marino brillante, fabricado en sint\u00e9tico brasilero. Presentan un elegante juego de tiras en el empeine con hebillas doradas, brindando un toque edgy y mayor sujeci\u00f3n. Su construcci\u00f3n transparente en la parte central ofrece un efecto visual [...]","og_url":"https:\/\/donnacolombia.com\/index.php\/producto\/stiletto-tacon-7-cm-destalonado-acrilico\/","og_site_name":"Donna Colombia","article_modified_time":"2026-05-07T00:12:18+00:00","og_image":[{"width":1024,"height":1024,"url":"https:\/\/donnacolombia.com\/wp-content\/uploads\/2025\/12\/CRISTAL20NAVY201184-1722-30792-1062943-1.webp","type":"image\/webp"}],"twitter_card":"summary_large_image","twitter_misc":{"Tiempo de lectura":"1 minuto"},"schema":{"@context":"https:\/\/schema.org","@graph":[{"@type":"WebPage","@id":"https:\/\/donnacolombia.com\/index.php\/producto\/stiletto-tacon-7-cm-destalonado-acrilico\/","url":"https:\/\/donnacolombia.com\/index.php\/producto\/stiletto-tacon-7-cm-destalonado-acrilico\/","name":"Stiletto mujer tac\u00f3n 7 cm destalonado acr\u00edlico - Vizzano - Donna Colombia","isPartOf":{"@id":"https:\/\/donnacolombia.com\/#website"},"primaryImageOfPage":{"@id":"https:\/\/donnacolombia.com\/index.php\/producto\/stiletto-tacon-7-cm-destalonado-acrilico\/#primaryimage"},"image":{"@id":"https:\/\/donnacolombia.com\/index.php\/producto\/stiletto-tacon-7-cm-destalonado-acrilico\/#primaryimage"},"thumbnailUrl":"https:\/\/donnacolombia.com\/wp-content\/uploads\/2025\/12\/CRISTAL20NAVY201184-1722-30792-1062943-1.webp","datePublished":"2025-12-05T18:44:45+00:00","dateModified":"2026-05-07T00:12:18+00:00","breadcrumb":{"@id":"https:\/\/donnacolombia.com\/index.php\/producto\/stiletto-tacon-7-cm-destalonado-acrilico\/#breadcrumb"},"inLanguage":"es","potentialAction":[{"@type":"ReadAction","target":["https:\/\/donnacolombia.com\/index.php\/producto\/stiletto-tacon-7-cm-destalonado-acrilico\/"]}]},{"@type":"ImageObject","inLanguage":"es","@id":"https:\/\/donnacolombia.com\/index.php\/producto\/stiletto-tacon-7-cm-destalonado-acrilico\/#primaryimage","url":"https:\/\/donnacolombia.com\/wp-content\/uploads\/2025\/12\/CRISTAL20NAVY201184-1722-30792-1062943-1.webp","contentUrl":"https:\/\/donnacolombia.com\/wp-content\/uploads\/2025\/12\/CRISTAL20NAVY201184-1722-30792-1062943-1.webp","width":1024,"height":1024},{"@type":"BreadcrumbList","@id":"https:\/\/donnacolombia.com\/index.php\/producto\/stiletto-tacon-7-cm-destalonado-acrilico\/#breadcrumb","itemListElement":[{"@type":"ListItem","position":1,"name":"Portada","item":"https:\/\/donnacolombia.com\/"},{"@type":"ListItem","position":2,"name":"Tienda","item":"https:\/\/donnacolombia.com\/index.php\/tienda\/"},{"@type":"ListItem","position":3,"name":"Stiletto mujer tac\u00f3n 7 cm destalonado acr\u00edlico &#8211; Vizzano"}]},{"@type":"WebSite","@id":"https:\/\/donnacolombia.com\/#website","url":"https:\/\/donnacolombia.com\/","name":"Donna Colombia","description":"Calzado para dama","publisher":{"@id":"https:\/\/donnacolombia.com\/#organization"},"potentialAction":[{"@type":"SearchAction","target":{"@type":"EntryPoint","urlTemplate":"https:\/\/donnacolombia.com\/?s={search_term_string}"},"query-input":{"@type":"PropertyValueSpecification","valueRequired":true,"valueName":"search_term_string"}}],"inLanguage":"es"},{"@type":"Organization","@id":"https:\/\/donnacolombia.com\/#organization","name":"Donna Colombia","url":"https:\/\/donnacolombia.com\/","logo":{"@type":"ImageObject","inLanguage":"es","@id":"https:\/\/donnacolombia.com\/#\/schema\/logo\/image\/","url":"https:\/\/donnacolombia.com\/wp-content\/uploads\/2025\/12\/cropped-LOGO-512.webp","contentUrl":"https:\/\/donnacolombia.com\/wp-content\/uploads\/2025\/12\/cropped-LOGO-512.webp","width":512,"height":512,"caption":"Donna Colombia"},"image":{"@id":"https:\/\/donnacolombia.com\/#\/schema\/logo\/image\/"}}]}},"_links":{"self":[{"href":"https:\/\/donnacolombia.com\/index.php\/wp-json\/wp\/v2\/product\/23400","targetHints":{"allow":["GET"]}}],"collection":[{"href":"https:\/\/donnacolombia.com\/index.php\/wp-json\/wp\/v2\/product"}],"about":[{"href":"https:\/\/donnacolombia.com\/index.php\/wp-json\/wp\/v2\/types\/product"}],"wp:featuredmedia":[{"embeddable":true,"href":"https:\/\/donnacolombia.com\/index.php\/wp-json\/wp\/v2\/media\/23439"}],"wp:attachment":[{"href":"https:\/\/donnacolombia.com\/index.php\/wp-json\/wp\/v2\/media?parent=23400"}],"wp:term":[{"taxonomy":"product_brand","embeddable":true,"href":"https:\/\/donnacolombia.com\/index.php\/wp-json\/wp\/v2\/product_brand?post=23400"},{"taxonomy":"product_cat","embeddable":true,"href":"https:\/\/donnacolombia.com\/index.php\/wp-json\/wp\/v2\/product_cat?post=23400"},{"taxonomy":"product_tag","embeddable":true,"href":"https:\/\/donnacolombia.com\/index.php\/wp-json\/wp\/v2\/product_tag?post=23400"}],"curies":[{"name":"wp","href":"https:\/\/api.w.org\/{rel}","templated":true}]}}